{"id":493,"date":"2017-06-11T21:04:24","date_gmt":"2017-06-11T18:04:24","guid":{"rendered":"https:\/\/www.pvchall.eu\/?page_id=493\/"},"modified":"2018-08-31T19:05:10","modified_gmt":"2018-08-31T16:05:10","slug":"yrityksesta","status":"publish","type":"page","link":"https:\/\/www.pvchall.eu\/fi\/yrityksesta\/","title":{"rendered":"Yrityksest\u00e4"},"content":{"rendered":"<div class=\"wpb-content-wrapper\">[vc_row el_class=&#8221;pealkir&#8221;][vc_column][vc_custom_heading text=&#8221;Yrityksest\u00e4&#8221; font_container=&#8221;tag:h1|font_size:33px|text_align:center|color:%23ffffff|line_height:35px&#8221; use_theme_fonts=&#8221;yes&#8221;][\/vc_column][\/vc_row][vc_row][vc_column][vc_column_text]\n<div data-canvas-width=\"612.9526320419758\">\n<p>PVC Hallid\u00a0 perustoiminta-alana on PVC-hallien tuottaminen, myynti ja asennus.<\/p>\n<p>Tuotevalikoimastamme l\u00f6ytyy PVC-pintaisia halleja leveydelt\u00e4\u00e4n 10 &#8211; 65 metri\u00e4. Kaikkien suunnittelemiemme hallien enimm\u00e4ispituutena on 100 metri\u00e4. Kaikki PVC-katetut hallit suunnittelemme huomioiden lumi- ja tuulikuormat hallin pystytyspaikan mukaisesti.<\/p>\n<p>Tuuli- ja lumikuormat on laskettu EC3-mitoituksen mukaisesti: 1.8 kN\/m2 lumikuormaa, 32 m\/s tuulikuormaa, varmuuskerroin 1,5. Hallien pintoina k\u00e4ytt\u00e4m\u00e4mme PVC- pinta on palamaton ja s\u00e4\u00e4nkest\u00e4v\u00e4. Lis\u00e4ksi t\u00e4ysin UV-s\u00e4teily\u00e4 kest\u00e4v\u00e4, homehtumaton ja m\u00e4t\u00e4nem\u00e4t\u00f6n.<\/p>\n<p>Ter\u00e4srakenne on kuumasinkitty ja tuotettu standardien\u00a0<strong>ISO 1090-2<\/strong>\u00a0ja\u00a0<strong>EN ISO 3834-3<\/strong>\u00a0mukaisesti ja tarvittaessa my\u00f6s maalattu.<\/p>\n<p>Tuottamamme ja suunnittelemamme PVC-hallit sopivat:<\/p>\n<ul>\n<li>Varastorakennuksiksi<\/li>\n<li>Tuotantorakennuksiksi<\/li>\n<li>Urheiluhalleiksi<\/li>\n<li>Satamarakennuksiksi<\/li>\n<li>Lentokonehalleiksi<\/li>\n<li>Puutavara- ja puuteollisuusrakennuksiksi<\/li>\n<\/ul>\n<p><span style=\"color: #0000ff;\"><strong>MILLAINEN ON TILAUSPROSESSI?<\/strong><\/span><\/p>\n<ol>\n<li>Laadimme Sinulle kyselyst\u00e4 saamiemme tietojen perusteella hintatarjouksen.<\/li>\n<li>Jos ensimm\u00e4inen hintatarjous sopii Sinulle, tarkennamme yksityiskohdat, ovien lukum\u00e4\u00e4r\u00e4n, PVC-p\u00e4\u00e4llysteen v\u00e4rin, tuuletusaukkojen sijainnit jne.<\/li>\n<li>T\u00e4m\u00e4n perusteella laadimme lopullisen hintatarjouksen, jonka ollessa sopiva solmimme kanssasi valmistus- ja asennussopimuksen ja l\u00e4het\u00e4mme laskun ennakkomaksusta, joka on 50 % hinnasta.<\/li>\n<li>Kun olemme vastaanottaneet ennakkomaksun ja sopimus on allekirjoitettu, aloitamme tuotteen valmistuksen.<\/li>\n<li>Otamme Sinuun yhteytt\u00e4 ennen asennuksen aloittamista ja sovimme sopivan ajankohdan asennust\u00f6iden aloittamiseksi.<\/li>\n<li>Asennamme ter\u00e4srakenteet ja PVC-p\u00e4\u00e4llysteen.<\/li>\n<\/ol>\n<\/div>\n[\/vc_column_text][\/vc_column][\/vc_row]\n<\/div>","protected":false},"excerpt":{"rendered":"<p>[vc_row el_class=&#8221;pealkir&#8221;][vc_column][vc_custom_heading text=&#8221;Yrityksest\u00e4&#8221; font_container=&#8221;tag:h1|font_size:33px|text_align:center|color:%23ffffff|line_height:35px&#8221; use_theme_fonts=&#8221;yes&#8221;][\/vc_column][\/vc_row][vc_row][vc_column][vc_column_text] PVC Hallid\u00a0 perustoiminta-alana on PVC-hallien tuottaminen, myynti ja asennus. Tuotevalikoimastamme l\u00f6ytyy PVC-pintaisia halleja leveydelt\u00e4\u00e4n 10 &#8211; 65 metri\u00e4. Kaikkien suunnittelemiemme hallien enimm\u00e4ispituutena on 100 metri\u00e4. Kaikki PVC-katetut hallit suunnittelemme huomioiden lumi- ja tuulikuormat hallin pystytyspaikan mukaisesti. Tuuli- ja lumikuormat on laskettu EC3-mitoituksen mukaisesti: 1.8 kN\/m2 lumikuormaa, 32 m\/s tuulikuormaa, varmuuskerroin&#8230;<\/p>\n","protected":false},"author":1,"featured_media":0,"parent":0,"menu_order":0,"comment_status":"closed","ping_status":"closed","template":"page-full.php","meta":{"_acf_changed":false,"footnotes":""},"class_list":["post-493","page","type-page","status-publish","hentry"],"acf":[],"yoast_head":"<!-- This site is optimized with the Yoast SEO plugin v25.6 - https:\/\/yoast.com\/wordpress\/plugins\/seo\/ -->\n<title>Yrityksest\u00e4 | PVC Hallid | PVC hallide hinnad | PVC hallide m\u00fc\u00fck<\/title>\n<meta name=\"description\" content=\"PVC hallide m\u00fc\u00fck ja PVC hallide hinnad - meie lehelt saad k\u00f5ik vajaliku t\u00e4pselt teada. Vaata edasi siit\" \/>\n<meta name=\"robots\" content=\"index, follow, max-snippet:-1, max-image-preview:large, max-video-preview:-1\" \/>\n<link rel=\"canonical\" href=\"https:\/\/www.pvchall.eu\/fi\/yrityksesta\/\" \/>\n<meta property=\"og:locale\" content=\"fi_FI\" \/>\n<meta property=\"og:type\" content=\"article\" \/>\n<meta property=\"og:title\" content=\"Yrityksest\u00e4 | PVC Hallid | PVC hallide hinnad | PVC hallide m\u00fc\u00fck\" \/>\n<meta property=\"og:description\" content=\"PVC hallide m\u00fc\u00fck ja PVC hallide hinnad - meie lehelt saad k\u00f5ik vajaliku t\u00e4pselt teada. Vaata edasi siit\" \/>\n<meta property=\"og:url\" content=\"https:\/\/www.pvchall.eu\/fi\/yrityksesta\/\" \/>\n<meta property=\"og:site_name\" content=\"PVC Hallid | PVC hallide hinnad | PVC hallide m\u00fc\u00fck\" \/>\n<meta property=\"article:modified_time\" content=\"2018-08-31T16:05:10+00:00\" \/>\n<meta name=\"twitter:card\" content=\"summary_large_image\" \/>\n<meta name=\"twitter:label1\" content=\"Arvioitu lukuaika\" \/>\n\t<meta name=\"twitter:data1\" content=\"1 minuutti\" \/>\n<script type=\"application\/ld+json\" class=\"yoast-schema-graph\">{\"@context\":\"https:\/\/schema.org\",\"@graph\":[{\"@type\":\"WebPage\",\"@id\":\"https:\/\/www.pvchall.eu\/fi\/yrityksesta\/\",\"url\":\"https:\/\/www.pvchall.eu\/fi\/yrityksesta\/\",\"name\":\"Yrityksest\u00e4 | PVC Hallid | PVC hallide hinnad | PVC hallide m\u00fc\u00fck\",\"isPartOf\":{\"@id\":\"https:\/\/www.pvchall.eu\/#website\"},\"datePublished\":\"2017-06-11T18:04:24+00:00\",\"dateModified\":\"2018-08-31T16:05:10+00:00\",\"description\":\"PVC hallide m\u00fc\u00fck ja PVC hallide hinnad - meie lehelt saad k\u00f5ik vajaliku t\u00e4pselt teada. Vaata edasi siit\",\"breadcrumb\":{\"@id\":\"https:\/\/www.pvchall.eu\/fi\/yrityksesta\/#breadcrumb\"},\"inLanguage\":\"fi\",\"potentialAction\":[{\"@type\":\"ReadAction\",\"target\":[\"https:\/\/www.pvchall.eu\/fi\/yrityksesta\/\"]}]},{\"@type\":\"BreadcrumbList\",\"@id\":\"https:\/\/www.pvchall.eu\/fi\/yrityksesta\/#breadcrumb\",\"itemListElement\":[{\"@type\":\"ListItem\",\"position\":1,\"name\":\"Home\",\"item\":\"https:\/\/www.pvchall.eu\/fi\/\"},{\"@type\":\"ListItem\",\"position\":2,\"name\":\"Yrityksest\u00e4\"}]},{\"@type\":\"WebSite\",\"@id\":\"https:\/\/www.pvchall.eu\/#website\",\"url\":\"https:\/\/www.pvchall.eu\/\",\"name\":\"PVC Hallid | PVC hallide hinnad | PVC hallide m\u00fc\u00fck\",\"description\":\"PVC Hallid otse tootjalt | PVC hallide hinnad | PVC hallide m\u00fc\u00fck\",\"potentialAction\":[{\"@type\":\"SearchAction\",\"target\":{\"@type\":\"EntryPoint\",\"urlTemplate\":\"https:\/\/www.pvchall.eu\/?s={search_term_string}\"},\"query-input\":{\"@type\":\"PropertyValueSpecification\",\"valueRequired\":true,\"valueName\":\"search_term_string\"}}],\"inLanguage\":\"fi\"}]}<\/script>\n<!-- \/ Yoast SEO plugin. -->","yoast_head_json":{"title":"Yrityksest\u00e4 | PVC Hallid | PVC hallide hinnad | PVC hallide m\u00fc\u00fck","description":"PVC hallide m\u00fc\u00fck ja PVC hallide hinnad - meie lehelt saad k\u00f5ik vajaliku t\u00e4pselt teada. Vaata edasi siit","robots":{"index":"index","follow":"follow","max-snippet":"max-snippet:-1","max-image-preview":"max-image-preview:large","max-video-preview":"max-video-preview:-1"},"canonical":"https:\/\/www.pvchall.eu\/fi\/yrityksesta\/","og_locale":"fi_FI","og_type":"article","og_title":"Yrityksest\u00e4 | PVC Hallid | PVC hallide hinnad | PVC hallide m\u00fc\u00fck","og_description":"PVC hallide m\u00fc\u00fck ja PVC hallide hinnad - meie lehelt saad k\u00f5ik vajaliku t\u00e4pselt teada. Vaata edasi siit","og_url":"https:\/\/www.pvchall.eu\/fi\/yrityksesta\/","og_site_name":"PVC Hallid | PVC hallide hinnad | PVC hallide m\u00fc\u00fck","article_modified_time":"2018-08-31T16:05:10+00:00","twitter_card":"summary_large_image","twitter_misc":{"Arvioitu lukuaika":"1 minuutti"},"schema":{"@context":"https:\/\/schema.org","@graph":[{"@type":"WebPage","@id":"https:\/\/www.pvchall.eu\/fi\/yrityksesta\/","url":"https:\/\/www.pvchall.eu\/fi\/yrityksesta\/","name":"Yrityksest\u00e4 | PVC Hallid | PVC hallide hinnad | PVC hallide m\u00fc\u00fck","isPartOf":{"@id":"https:\/\/www.pvchall.eu\/#website"},"datePublished":"2017-06-11T18:04:24+00:00","dateModified":"2018-08-31T16:05:10+00:00","description":"PVC hallide m\u00fc\u00fck ja PVC hallide hinnad - meie lehelt saad k\u00f5ik vajaliku t\u00e4pselt teada. Vaata edasi siit","breadcrumb":{"@id":"https:\/\/www.pvchall.eu\/fi\/yrityksesta\/#breadcrumb"},"inLanguage":"fi","potentialAction":[{"@type":"ReadAction","target":["https:\/\/www.pvchall.eu\/fi\/yrityksesta\/"]}]},{"@type":"BreadcrumbList","@id":"https:\/\/www.pvchall.eu\/fi\/yrityksesta\/#breadcrumb","itemListElement":[{"@type":"ListItem","position":1,"name":"Home","item":"https:\/\/www.pvchall.eu\/fi\/"},{"@type":"ListItem","position":2,"name":"Yrityksest\u00e4"}]},{"@type":"WebSite","@id":"https:\/\/www.pvchall.eu\/#website","url":"https:\/\/www.pvchall.eu\/","name":"PVC Hallid | PVC hallide hinnad | PVC hallide m\u00fc\u00fck","description":"PVC Hallid otse tootjalt | PVC hallide hinnad | PVC hallide m\u00fc\u00fck","potentialAction":[{"@type":"SearchAction","target":{"@type":"EntryPoint","urlTemplate":"https:\/\/www.pvchall.eu\/?s={search_term_string}"},"query-input":{"@type":"PropertyValueSpecification","valueRequired":true,"valueName":"search_term_string"}}],"inLanguage":"fi"}]}},"_links":{"self":[{"href":"https:\/\/www.pvchall.eu\/fi\/wp-json\/wp\/v2\/pages\/493","targetHints":{"allow":["GET"]}}],"collection":[{"href":"https:\/\/www.pvchall.eu\/fi\/wp-json\/wp\/v2\/pages"}],"about":[{"href":"https:\/\/www.pvchall.eu\/fi\/wp-json\/wp\/v2\/types\/page"}],"author":[{"embeddable":true,"href":"https:\/\/www.pvchall.eu\/fi\/wp-json\/wp\/v2\/users\/1"}],"replies":[{"embeddable":true,"href":"https:\/\/www.pvchall.eu\/fi\/wp-json\/wp\/v2\/comments?post=493"}],"version-history":[{"count":3,"href":"https:\/\/www.pvchall.eu\/fi\/wp-json\/wp\/v2\/pages\/493\/revisions"}],"predecessor-version":[{"id":1243,"href":"https:\/\/www.pvchall.eu\/fi\/wp-json\/wp\/v2\/pages\/493\/revisions\/1243"}],"wp:attachment":[{"href":"https:\/\/www.pvchall.eu\/fi\/wp-json\/wp\/v2\/media?parent=493"}],"curies":[{"name":"wp","href":"https:\/\/api.w.org\/{rel}","templated":true}]}}

Yrityksestä

<div class="wpb-content-wrapper">[vc_row el_class=&#8221;pealkir&#8221;][vc_column][vc_custom_heading text=&#8221;Yrityksestä&#8221; font_container=&#8221;tag:h1|font_size:33px|text_align:center|color:%23ffffff|line_height:35px&#8221; use_theme_fonts=&#8221;yes&#8221;][/vc_column][/vc_row][vc_row][vc_column][vc_column_text]
<div data-canvas-width="612.9526320419758">
<p>PVC Hallid  perustoiminta-alana on PVC-hallien tuottaminen, myynti ja asennus.</p>
<p>Tuotevalikoimastamme löytyy PVC-pintaisia halleja leveydeltään 10 &#8211; 65 metriä. Kaikkien suunnittelemiemme hallien enimmäispituutena on 100 metriä. Kaikki PVC-katetut hallit suunnittelemme huomioiden lumi- ja tuulikuormat hallin pystytyspaikan mukaisesti.</p>
<p>Tuuli- ja lumikuormat on laskettu EC3-mitoituksen mukaisesti: 1.8 kN/m2 lumikuormaa, 32 m/s tuulikuormaa, varmuuskerroin 1,5. Hallien pintoina käyttämämme PVC- pinta on palamaton ja säänkestävä. Lisäksi täysin UV-säteilyä kestävä, homehtumaton ja mätänemätön.</p>
<p>Teräsrakenne on kuumasinkitty ja tuotettu standardien <strong>ISO 1090-2</strong> ja <strong>EN ISO 3834-3</strong> mukaisesti ja tarvittaessa myös maalattu.</p>
<p>Tuottamamme ja suunnittelemamme PVC-hallit sopivat:</p>
<ul>
<li>Varastorakennuksiksi</li>
<li>Tuotantorakennuksiksi</li>
<li>Urheiluhalleiksi</li>
<li>Satamarakennuksiksi</li>
<li>Lentokonehalleiksi</li>
<li>Puutavara- ja puuteollisuusrakennuksiksi</li>
</ul>
<p><span style="color: #0000ff;"><strong>MILLAINEN ON TILAUSPROSESSI?</strong></span></p>
<ol>
<li>Laadimme Sinulle kyselystä saamiemme tietojen perusteella hintatarjouksen.</li>
<li>Jos ensimmäinen hintatarjous sopii Sinulle, tarkennamme yksityiskohdat, ovien lukumäärän, PVC-päällysteen värin, tuuletusaukkojen sijainnit jne.</li>
<li>Tämän perusteella laadimme lopullisen hintatarjouksen, jonka ollessa sopiva solmimme kanssasi valmistus- ja asennussopimuksen ja lähetämme laskun ennakkomaksusta, joka on 50 % hinnasta.</li>
<li>Kun olemme vastaanottaneet ennakkomaksun ja sopimus on allekirjoitettu, aloitamme tuotteen valmistuksen.</li>
<li>Otamme Sinuun yhteyttä ennen asennuksen aloittamista ja sovimme sopivan ajankohdan asennustöiden aloittamiseksi.</li>
<li>Asennamme teräsrakenteet ja PVC-päällysteen.</li>
</ol>
</div>
[/vc_column_text][/vc_column][/vc_row]
</div>

<p>[vc_row el_class=&#8221;pealkir&#8221;][vc_column][vc_custom_heading text=&#8221;Yrityksestä&#8221; font_container=&#8221;tag:h1|font_size:33px|text_align:center|color:%23ffffff|line_height:35px&#8221; use_theme_fonts=&#8221;yes&#8221;][/vc_column][/vc_row][vc_row][vc_column][vc_column_text] PVC Hallid  perustoiminta-alana on PVC-hallien tuottaminen, myynti ja asennus. Tuotevalikoimastamme löytyy PVC-pintaisia halleja leveydeltään 10 &#8211; 65 metriä. Kaikkien suunnittelemiemme hallien enimmäispituutena on 100 metriä. Kaikki PVC-katetut hallit suunnittelemme huomioiden lumi- ja tuulikuormat hallin pystytyspaikan mukaisesti. Tuuli- ja lumikuormat on laskettu EC3-mitoituksen mukaisesti: 1.8 kN/m2 lumikuormaa, 32 m/s tuulikuormaa, varmuuskerroin&#8230;</p>

<!-- This site is optimized with the Yoast SEO plugin v25.6 - https://yoast.com/wordpress/plugins/seo/ -->
<title>Yrityksestä | PVC Hallid | PVC hallide hinnad | PVC hallide müük</title>
<meta name="description" content="PVC hallide müük ja PVC hallide hinnad - meie lehelt saad kõik vajaliku täpselt teada. Vaata edasi siit" />
<meta name="robots" content="index, follow, max-snippet:-1, max-image-preview:large, max-video-preview:-1" />
<link rel="canonical" href="https://www.pvchall.eu/fi/yrityksesta/" />
<meta property="og:locale" content="fi_FI" />
<meta property="og:type" content="article" />
<meta property="og:title" content="Yrityksestä | PVC Hallid | PVC hallide hinnad | PVC hallide müük" />
<meta property="og:description" content="PVC hallide müük ja PVC hallide hinnad - meie lehelt saad kõik vajaliku täpselt teada. Vaata edasi siit" />
<meta property="og:url" content="https://www.pvchall.eu/fi/yrityksesta/" />
<meta property="og:site_name" content="PVC Hallid | PVC hallide hinnad | PVC hallide müük" />
<meta property="article:modified_time" content="2018-08-31T16:05:10+00:00" />
<meta name="twitter:card" content="summary_large_image" />
<meta name="twitter:label1" content="Arvioitu lukuaika" />
	<meta name="twitter:data1" content="1 minuutti" />
<script type="application/ld+json" class="yoast-schema-graph">{"@context":"https://schema.org","@graph":[{"@type":"WebPage","@id":"https://www.pvchall.eu/fi/yrityksesta/","url":"https://www.pvchall.eu/fi/yrityksesta/","name":"Yrityksestä | PVC Hallid | PVC hallide hinnad | PVC hallide müük","isPartOf":{"@id":"https://www.pvchall.eu/#website"},"datePublished":"2017-06-11T18:04:24+00:00","dateModified":"2018-08-31T16:05:10+00:00","description":"PVC hallide müük ja PVC hallide hinnad - meie lehelt saad kõik vajaliku täpselt teada. Vaata edasi siit","breadcrumb":{"@id":"https://www.pvchall.eu/fi/yrityksesta/#breadcrumb"},"inLanguage":"fi","potentialAction":[{"@type":"ReadAction","target":["https://www.pvchall.eu/fi/yrityksesta/"]}]},{"@type":"BreadcrumbList","@id":"https://www.pvchall.eu/fi/yrityksesta/#breadcrumb","itemListElement":[{"@type":"ListItem","position":1,"name":"Home","item":"https://www.pvchall.eu/fi/"},{"@type":"ListItem","position":2,"name":"Yrityksestä"}]},{"@type":"WebSite","@id":"https://www.pvchall.eu/#website","url":"https://www.pvchall.eu/","name":"PVC Hallid | PVC hallide hinnad | PVC hallide müük","description":"PVC Hallid otse tootjalt | PVC hallide hinnad | PVC hallide müük","potentialAction":[{"@type":"SearchAction","target":{"@type":"EntryPoint","urlTemplate":"https://www.pvchall.eu/?s={search_term_string}"},"query-input":{"@type":"PropertyValueSpecification","valueRequired":true,"valueName":"search_term_string"}}],"inLanguage":"fi"}]}</script>
<!-- / Yoast SEO plugin. -->

Yrityksestä | PVC Hallid | PVC hallide hinnad | PVC hallide müük

PVC hallide müük ja PVC hallide hinnad - meie lehelt saad kõik vajaliku täpselt teada. Vaata edasi siit

PVC Hallid | PVC hallide hinnad | PVC hallide müük

PVC Hallid otse tootjalt | PVC hallide hinnad | PVC hallide müük
