{"id":591,"date":"2017-08-09T10:02:00","date_gmt":"2017-08-09T07:02:00","guid":{"rendered":"https:\/\/www.pvchall.eu\/?page_id=591\/"},"modified":"2026-04-14T07:22:33","modified_gmt":"2026-04-14T04:22:33","slug":"erikoistarjous","status":"publish","type":"page","link":"https:\/\/www.pvchall.eu\/fi\/erikoistarjous\/","title":{"rendered":"Erikoistarjous"},"content":{"rendered":"<div class=\"wpb-content-wrapper\">[vc_row el_class=&#8221;pealkir&#8221;][vc_column][vc_custom_heading text=&#8221;ERIKOISTARJOUS&#8221; font_container=&#8221;tag:h1|font_size:33px|text_align:center|color:%23ffffff|line_height:35px&#8221; use_theme_fonts=&#8221;yes&#8221;][\/vc_column][\/vc_row][vc_row][vc_column][vc_column_text]\n<pre id=\"tw-target-text\" class=\"tw-data-text tw-text-large tw-ta\" dir=\"ltr\" data-placeholder=\"T\u00f5lge\" data-ved=\"2ahUKEwj_17uO4PqLAxXVAxAIHRxsK2gQ3ewLegQICBAV\" aria-label=\"T\u00f5lgitud tekst: Maaliskuun erikoistarjous. Kaikki PVC-harmaat tilattu maaliskuussa alennettuun hintaan. Esimerkiksi: 10x15m\">1) 15x30x4m  29 000 eur EXW hinta\r\n\r\n2) 20x50x5m  65 000 eur EXW hinta\r\n\r\n3) 22x60x5m  85 000 eur EXW hinta<\/pre>\n<p>&nbsp;<\/p>\n<p>&nbsp;<\/p>\n<p><span class=\"Y2IQFc\" lang=\"fi\">\u00a0<\/span>[\/vc_column_text][\/vc_column][\/vc_row]\n<\/div>","protected":false},"excerpt":{"rendered":"<p>[vc_row el_class=&#8221;pealkir&#8221;][vc_column][vc_custom_heading text=&#8221;ERIKOISTARJOUS&#8221; font_container=&#8221;tag:h1|font_size:33px|text_align:center|color:%23ffffff|line_height:35px&#8221; use_theme_fonts=&#8221;yes&#8221;][\/vc_column][\/vc_row][vc_row][vc_column][vc_column_text] 1) 15x30x4m 29 000 eur EXW hinta 2) 20x50x5m 65 000 eur EXW hinta 3) 22x60x5m 85 000 eur EXW hinta &nbsp; &nbsp; \u00a0[\/vc_column_text][\/vc_column][\/vc_row]<\/p>\n","protected":false},"author":1,"featured_media":0,"parent":0,"menu_order":0,"comment_status":"closed","ping_status":"closed","template":"page-full.php","meta":{"_acf_changed":false,"footnotes":""},"class_list":["post-591","page","type-page","status-publish","hentry"],"acf":[],"yoast_head":"<!-- This site is optimized with the Yoast SEO plugin v25.6 - https:\/\/yoast.com\/wordpress\/plugins\/seo\/ -->\n<title>Erikoistarjous | PVC Hallid | PVC hallide hinnad | PVC hallide m\u00fc\u00fck<\/title>\n<meta name=\"description\" content=\"PVC hallide m\u00fc\u00fck ja PVC hallide hinnad - meie lehelt saad k\u00f5ik vajaliku t\u00e4pselt teada. Vaata edasi siit\" \/>\n<meta name=\"robots\" content=\"index, follow, max-snippet:-1, max-image-preview:large, max-video-preview:-1\" \/>\n<link rel=\"canonical\" href=\"https:\/\/www.pvchall.eu\/fi\/erikoistarjous\/\" \/>\n<meta property=\"og:locale\" content=\"fi_FI\" \/>\n<meta property=\"og:type\" content=\"article\" \/>\n<meta property=\"og:title\" content=\"Erikoistarjous | PVC Hallid | PVC hallide hinnad | PVC hallide m\u00fc\u00fck\" \/>\n<meta property=\"og:description\" content=\"PVC hallide m\u00fc\u00fck ja PVC hallide hinnad - meie lehelt saad k\u00f5ik vajaliku t\u00e4pselt teada. Vaata edasi siit\" \/>\n<meta property=\"og:url\" content=\"https:\/\/www.pvchall.eu\/fi\/erikoistarjous\/\" \/>\n<meta property=\"og:site_name\" content=\"PVC Hallid | PVC hallide hinnad | PVC hallide m\u00fc\u00fck\" \/>\n<meta property=\"article:modified_time\" content=\"2026-04-14T04:22:33+00:00\" \/>\n<meta name=\"twitter:card\" content=\"summary_large_image\" \/>\n<meta name=\"twitter:label1\" content=\"Arvioitu lukuaika\" \/>\n\t<meta name=\"twitter:data1\" content=\"1 minuutti\" \/>\n<script type=\"application\/ld+json\" class=\"yoast-schema-graph\">{\"@context\":\"https:\/\/schema.org\",\"@graph\":[{\"@type\":\"WebPage\",\"@id\":\"https:\/\/www.pvchall.eu\/fi\/erikoistarjous\/\",\"url\":\"https:\/\/www.pvchall.eu\/fi\/erikoistarjous\/\",\"name\":\"Erikoistarjous | PVC Hallid | PVC hallide hinnad | PVC hallide m\u00fc\u00fck\",\"isPartOf\":{\"@id\":\"https:\/\/www.pvchall.eu\/#website\"},\"datePublished\":\"2017-08-09T07:02:00+00:00\",\"dateModified\":\"2026-04-14T04:22:33+00:00\",\"description\":\"PVC hallide m\u00fc\u00fck ja PVC hallide hinnad - meie lehelt saad k\u00f5ik vajaliku t\u00e4pselt teada. Vaata edasi siit\",\"breadcrumb\":{\"@id\":\"https:\/\/www.pvchall.eu\/fi\/erikoistarjous\/#breadcrumb\"},\"inLanguage\":\"fi\",\"potentialAction\":[{\"@type\":\"ReadAction\",\"target\":[\"https:\/\/www.pvchall.eu\/fi\/erikoistarjous\/\"]}]},{\"@type\":\"BreadcrumbList\",\"@id\":\"https:\/\/www.pvchall.eu\/fi\/erikoistarjous\/#breadcrumb\",\"itemListElement\":[{\"@type\":\"ListItem\",\"position\":1,\"name\":\"Home\",\"item\":\"https:\/\/www.pvchall.eu\/fi\/\"},{\"@type\":\"ListItem\",\"position\":2,\"name\":\"Erikoistarjous\"}]},{\"@type\":\"WebSite\",\"@id\":\"https:\/\/www.pvchall.eu\/#website\",\"url\":\"https:\/\/www.pvchall.eu\/\",\"name\":\"PVC Hallid | PVC hallide hinnad | PVC hallide m\u00fc\u00fck\",\"description\":\"PVC Hallid otse tootjalt | PVC hallide hinnad | PVC hallide m\u00fc\u00fck\",\"potentialAction\":[{\"@type\":\"SearchAction\",\"target\":{\"@type\":\"EntryPoint\",\"urlTemplate\":\"https:\/\/www.pvchall.eu\/?s={search_term_string}\"},\"query-input\":{\"@type\":\"PropertyValueSpecification\",\"valueRequired\":true,\"valueName\":\"search_term_string\"}}],\"inLanguage\":\"fi\"}]}<\/script>\n<!-- \/ Yoast SEO plugin. -->","yoast_head_json":{"title":"Erikoistarjous | PVC Hallid | PVC hallide hinnad | PVC hallide m\u00fc\u00fck","description":"PVC hallide m\u00fc\u00fck ja PVC hallide hinnad - meie lehelt saad k\u00f5ik vajaliku t\u00e4pselt teada. Vaata edasi siit","robots":{"index":"index","follow":"follow","max-snippet":"max-snippet:-1","max-image-preview":"max-image-preview:large","max-video-preview":"max-video-preview:-1"},"canonical":"https:\/\/www.pvchall.eu\/fi\/erikoistarjous\/","og_locale":"fi_FI","og_type":"article","og_title":"Erikoistarjous | PVC Hallid | PVC hallide hinnad | PVC hallide m\u00fc\u00fck","og_description":"PVC hallide m\u00fc\u00fck ja PVC hallide hinnad - meie lehelt saad k\u00f5ik vajaliku t\u00e4pselt teada. Vaata edasi siit","og_url":"https:\/\/www.pvchall.eu\/fi\/erikoistarjous\/","og_site_name":"PVC Hallid | PVC hallide hinnad | PVC hallide m\u00fc\u00fck","article_modified_time":"2026-04-14T04:22:33+00:00","twitter_card":"summary_large_image","twitter_misc":{"Arvioitu lukuaika":"1 minuutti"},"schema":{"@context":"https:\/\/schema.org","@graph":[{"@type":"WebPage","@id":"https:\/\/www.pvchall.eu\/fi\/erikoistarjous\/","url":"https:\/\/www.pvchall.eu\/fi\/erikoistarjous\/","name":"Erikoistarjous | PVC Hallid | PVC hallide hinnad | PVC hallide m\u00fc\u00fck","isPartOf":{"@id":"https:\/\/www.pvchall.eu\/#website"},"datePublished":"2017-08-09T07:02:00+00:00","dateModified":"2026-04-14T04:22:33+00:00","description":"PVC hallide m\u00fc\u00fck ja PVC hallide hinnad - meie lehelt saad k\u00f5ik vajaliku t\u00e4pselt teada. Vaata edasi siit","breadcrumb":{"@id":"https:\/\/www.pvchall.eu\/fi\/erikoistarjous\/#breadcrumb"},"inLanguage":"fi","potentialAction":[{"@type":"ReadAction","target":["https:\/\/www.pvchall.eu\/fi\/erikoistarjous\/"]}]},{"@type":"BreadcrumbList","@id":"https:\/\/www.pvchall.eu\/fi\/erikoistarjous\/#breadcrumb","itemListElement":[{"@type":"ListItem","position":1,"name":"Home","item":"https:\/\/www.pvchall.eu\/fi\/"},{"@type":"ListItem","position":2,"name":"Erikoistarjous"}]},{"@type":"WebSite","@id":"https:\/\/www.pvchall.eu\/#website","url":"https:\/\/www.pvchall.eu\/","name":"PVC Hallid | PVC hallide hinnad | PVC hallide m\u00fc\u00fck","description":"PVC Hallid otse tootjalt | PVC hallide hinnad | PVC hallide m\u00fc\u00fck","potentialAction":[{"@type":"SearchAction","target":{"@type":"EntryPoint","urlTemplate":"https:\/\/www.pvchall.eu\/?s={search_term_string}"},"query-input":{"@type":"PropertyValueSpecification","valueRequired":true,"valueName":"search_term_string"}}],"inLanguage":"fi"}]}},"_links":{"self":[{"href":"https:\/\/www.pvchall.eu\/fi\/wp-json\/wp\/v2\/pages\/591","targetHints":{"allow":["GET"]}}],"collection":[{"href":"https:\/\/www.pvchall.eu\/fi\/wp-json\/wp\/v2\/pages"}],"about":[{"href":"https:\/\/www.pvchall.eu\/fi\/wp-json\/wp\/v2\/types\/page"}],"author":[{"embeddable":true,"href":"https:\/\/www.pvchall.eu\/fi\/wp-json\/wp\/v2\/users\/1"}],"replies":[{"embeddable":true,"href":"https:\/\/www.pvchall.eu\/fi\/wp-json\/wp\/v2\/comments?post=591"}],"version-history":[{"count":17,"href":"https:\/\/www.pvchall.eu\/fi\/wp-json\/wp\/v2\/pages\/591\/revisions"}],"predecessor-version":[{"id":2634,"href":"https:\/\/www.pvchall.eu\/fi\/wp-json\/wp\/v2\/pages\/591\/revisions\/2634"}],"wp:attachment":[{"href":"https:\/\/www.pvchall.eu\/fi\/wp-json\/wp\/v2\/media?parent=591"}],"curies":[{"name":"wp","href":"https:\/\/api.w.org\/{rel}","templated":true}]}}

<div class="wpb-content-wrapper">[vc_row el_class=&#8221;pealkir&#8221;][vc_column][vc_custom_heading text=&#8221;ERIKOISTARJOUS&#8221; font_container=&#8221;tag:h1|font_size:33px|text_align:center|color:%23ffffff|line_height:35px&#8221; use_theme_fonts=&#8221;yes&#8221;][/vc_column][/vc_row][vc_row][vc_column][vc_column_text]
<pre id="tw-target-text" class="tw-data-text tw-text-large tw-ta" dir="ltr" data-placeholder="Tõlge" data-ved="2ahUKEwj_17uO4PqLAxXVAxAIHRxsK2gQ3ewLegQICBAV" aria-label="Tõlgitud tekst: Maaliskuun erikoistarjous. Kaikki PVC-harmaat tilattu maaliskuussa alennettuun hintaan. Esimerkiksi: 10x15m">1) 15x30x4m  29 000 eur EXW hinta

2) 20x50x5m  65 000 eur EXW hinta

3) 22x60x5m  85 000 eur EXW hinta</pre>
<p>&nbsp;</p>
<p>&nbsp;</p>
<p><span class="Y2IQFc" lang="fi"> </span>[/vc_column_text][/vc_column][/vc_row]
</div>

<!-- This site is optimized with the Yoast SEO plugin v25.6 - https://yoast.com/wordpress/plugins/seo/ -->
<title>Erikoistarjous | PVC Hallid | PVC hallide hinnad | PVC hallide müük</title>
<meta name="description" content="PVC hallide müük ja PVC hallide hinnad - meie lehelt saad kõik vajaliku täpselt teada. Vaata edasi siit" />
<meta name="robots" content="index, follow, max-snippet:-1, max-image-preview:large, max-video-preview:-1" />
<link rel="canonical" href="https://www.pvchall.eu/fi/erikoistarjous/" />
<meta property="og:locale" content="fi_FI" />
<meta property="og:type" content="article" />
<meta property="og:title" content="Erikoistarjous | PVC Hallid | PVC hallide hinnad | PVC hallide müük" />
<meta property="og:description" content="PVC hallide müük ja PVC hallide hinnad - meie lehelt saad kõik vajaliku täpselt teada. Vaata edasi siit" />
<meta property="og:url" content="https://www.pvchall.eu/fi/erikoistarjous/" />
<meta property="og:site_name" content="PVC Hallid | PVC hallide hinnad | PVC hallide müük" />
<meta property="article:modified_time" content="2026-04-14T04:22:33+00:00" />
<meta name="twitter:card" content="summary_large_image" />
<meta name="twitter:label1" content="Arvioitu lukuaika" />
	<meta name="twitter:data1" content="1 minuutti" />
<script type="application/ld+json" class="yoast-schema-graph">{"@context":"https://schema.org","@graph":[{"@type":"WebPage","@id":"https://www.pvchall.eu/fi/erikoistarjous/","url":"https://www.pvchall.eu/fi/erikoistarjous/","name":"Erikoistarjous | PVC Hallid | PVC hallide hinnad | PVC hallide müük","isPartOf":{"@id":"https://www.pvchall.eu/#website"},"datePublished":"2017-08-09T07:02:00+00:00","dateModified":"2026-04-14T04:22:33+00:00","description":"PVC hallide müük ja PVC hallide hinnad - meie lehelt saad kõik vajaliku täpselt teada. Vaata edasi siit","breadcrumb":{"@id":"https://www.pvchall.eu/fi/erikoistarjous/#breadcrumb"},"inLanguage":"fi","potentialAction":[{"@type":"ReadAction","target":["https://www.pvchall.eu/fi/erikoistarjous/"]}]},{"@type":"BreadcrumbList","@id":"https://www.pvchall.eu/fi/erikoistarjous/#breadcrumb","itemListElement":[{"@type":"ListItem","position":1,"name":"Home","item":"https://www.pvchall.eu/fi/"},{"@type":"ListItem","position":2,"name":"Erikoistarjous"}]},{"@type":"WebSite","@id":"https://www.pvchall.eu/#website","url":"https://www.pvchall.eu/","name":"PVC Hallid | PVC hallide hinnad | PVC hallide müük","description":"PVC Hallid otse tootjalt | PVC hallide hinnad | PVC hallide müük","potentialAction":[{"@type":"SearchAction","target":{"@type":"EntryPoint","urlTemplate":"https://www.pvchall.eu/?s={search_term_string}"},"query-input":{"@type":"PropertyValueSpecification","valueRequired":true,"valueName":"search_term_string"}}],"inLanguage":"fi"}]}</script>
<!-- / Yoast SEO plugin. -->

Erikoistarjous | PVC Hallid | PVC hallide hinnad | PVC hallide müük

PVC hallide müük ja PVC hallide hinnad - meie lehelt saad kõik vajaliku täpselt teada. Vaata edasi siit

PVC Hallid | PVC hallide hinnad | PVC hallide müük

PVC Hallid otse tootjalt | PVC hallide hinnad | PVC hallide müük
